visor of k and r?
19
Let v(z) = -20*z - 355. Let m be v(-19). What is the highest common divisor of 600 and m?
25
Let j(l) = 0*l + 6*l - 4*l**2 + 8*l**2 + 5 - 3*l**2. Let a be j(-8). What is the greatest common factor of 9 and a?
3
Let h(o) = -o**3 - 19*o**2 - 15*o + 61. Let l be h(-18). What is the highest common factor of l and 7?
7
Let m(i) = -i**3 + 2*i**2 + 11*i - 7. Let g = -12 - -16. Let r be m(g). What is the highest common divisor of r and 1?
1
Let g be 302 + (0 - (4 + -5)) + -2. Calculate the highest common divisor of 86 and g.
43
Let t(x) = -14*x**2 - 19*x + 1. Let h be t(-1). What is the greatest common factor of 66 and h?
6
Let m(x) = 4*x**2 - 18*x - 30. Let o be m(6). Calculate the highest common factor of 42 and o.
6
Let b be 0 - (-1)/(-2)*0. Suppose b = -h + 5*h - 340. Let z = -353 + 370. Calculate the highest common factor of z and h.
17
Let r(h) = 33*h - 45. Let q be r(2). Calculate the highest common divisor of q and 651.
21
Let i(g) = -8*g - 6. Let z be i(-2). Let q be (z/25)/(6/15). Let h be 26/2 - (1 + 1). What is the highest common divisor of h and q?
1
Let w be (-125)/50*18/(-5). Calculate the greatest common factor of w and 39.
3
Suppose -3*h + 9 = 0, -z = -6*z + 3*h + 2091. What is the highest common factor of z and 120?
60
Let o = -8834 + 8911. Let d(a) = -a + 1. Let q(i) = i + 2. Let k(r) = 2*d(r) + q(r). Let u be k(-3). Calculate the greatest common factor of o and u.
7
Let s(r) = -r**3 + 15*r**2 - 13*r - 12. Let d = -23 - -25. Suppose 0*v + 28 = d*v. Let a be s(v). Calculate the highest common factor of a and 8.
2
Suppose -4*h = 46*m - 44*m - 4, -5*h - 22 = -2*m. Calculate the highest common divisor of 1194 and m.
6
Let b(q) be the third derivative of q**6/120 - q**5/10 - q**4/4 + 3*q**2. Let t be b(7). Let s be 4/(-16)*14*-2. What is the greatest common factor of t and s?
7
Suppose 945 = -3*l + 10*l. Suppose -5*n + 193 + 77 = 0. What is the highest common divisor of n and l?
27
Let o = 62 + -47. Let p = 16 + -6. Calculate the highest common divisor of p and o.
5
Suppose -2*x + 14 = 5*p - 3*p, 5*x = 3*p + 3. Suppose -t + p*m = -0*t - 36, 0 = 3*m + 12. What is the highest common divisor of 8 and t?
4
Let n(w) = -w**2 + 39*w. Let z be n(36). What is the greatest common divisor of 144 and z?
36
Let h(g) = 2*g**2 - 3*g - 2. Suppose -4*c + 103 - 23 = 0. Let j be (2/(-4))/(5/c). Let a be h(j). Calculate the greatest common divisor of a and 108.
12
Let h(l) = l**2 - 6*l + 8. Let j be h(6). Suppose -292 - 660 = -j*y. Let b(m) = -3*m - 1. Let w be b(-6). What is the greatest common divisor of y and w?
17
Suppose h + 3*z = -7, 8 = -2*h - 3*z - z. Let o = 14 - 10. Suppose o*r - r = h*i + 107, -54 = -r - 3*i. What is the greatest common divisor of r and 13?
13
Let c = -13 - -19. Calculate the greatest common divisor of c and 2.
2
Let j = -37 + 53. Suppose j*w - 416 = -0*w. Calculate the greatest common divisor of 234 and w.
26
Let r = -347 + 370. Calculate the greatest common divisor of 368 and r.
23
Let s = -76 - -151. Let d(k) = -k**3 - k**2 + 21*k + 7. Let a be d(-5). Suppose a*h - 125 = -3*h. Calculate the greatest common divisor of h and s.
25
Let d = -238 - -533. Let o = 15 - 11. Suppose -3*q + 77 = 5*z - 137, 5*q - o*z = d. Calculate the highest common divisor of q and 42.
21
Let j(p) = 2*p**2 + 26*p - 18. Let r be j(-15). Calculate the greatest common factor of r and 231.
21
Let o(b) = -31*b - 60. Let r be o(-8). What is the greatest common factor of 470 and r?
94
Let g(v) be the first derivative of v**3/3 + 3*v**2/2 - 10*v - 13. Let t be g(5). Calculate the greatest common divisor of 6 and t.
6
Suppose -v + 27 = -3*z + 4*z, 81 = 3*v - 4*z. Let u be 10 + (-1)/(2/(-6)). Let i be (-9)/(-12)*(u + -1). Calculate the highest common divisor of v and i.
9
Suppose 3*x - 2 = 118. Suppose 5*a - x = a. What is the highest common divisor of a and 80?
10
Let m be (-80)/(-12)*(3 + 0). Let g be ((-420)/(-50) - 10)*-5. What is the greatest common divisor of m and g?
4
Let g = -72 + 77. Suppose -g*w + 184 = -3*w. What is the highest common divisor of 23 and w?
23
Let k = 34 + -31. Suppose 4*a + 5*m = 21, k*a - 2*m - 3 - 7 = 0. What is the greatest common factor of 12 and a?
4
Let p(r) = 0*r + r - 5*r + 2*r - 5. Let b be p(-4). Suppose -t = -b - 15. Calculate the greatest common factor of t and 36.
18
Let j(w) = -2*w - 7. Let t be j(-5). Suppose 23*f = 412 + 399 + 293. Calculate the highest common divisor of t and f.
3
Let z be ((-24)/10)/(8/(-60)). Let t = z - 7. Let k(p) = 5*p**2 - 4*p - 2. Let c be k(-3). Calculate the highest common factor of c and t.
11
Let v be (-2 - -7) + 72 + (3 - 11). What is the greatest common divisor of 46 and v?
23
Let n(s) = 7*s - 12. Let b be n(2). Calculate the highest common factor of b and 84.
2
Let i(t) = 3*t**2 + t + 3. Let z be i(-3). Suppose -z*r + 2 = -28*r. Let d be ((-8)/(-6))/(r/(-132)). What is the highest common factor of 11 and d?
11
Let h be ((-6)/2)/((-30)/110). Let a = -123 - -222. What is the highest common factor of a and h?
11
Let w = 178 + -31. Calculate the highest common factor of 196 and w.
49
Let r be ((-601)/3 - (-15)/45) + 0. Let t = -126 - r. Calculate the greatest common divisor of t and 37.
37
Suppose -5*k = 4*x - 6*x - 737, -2*k - 2 = 0. Let w = x + 560. Let o = -126 - -153. Calculate the greatest common factor of o and w.
27
Suppose 5*a - 105 + 165 = 5*v, 4*a = -4*v. Let b = -41 + 191. What is the greatest common factor of v and b?
6
Let a(u) = 56*u - 18. Let b = -21 + 28. Let l be a(b). Suppose 176 = 5*w - l. Calculate the highest common divisor of 44 and w.
22
Suppose 0 = -5*z + 792 + 48. Suppose 1173*a - 1184*a = -264. What is the highest common factor of z and a?
24
Suppose 7 - 1 = n. Suppose r - 3 = n. Suppose r*h - 10*h + 12 = 0. Calculate the highest common divisor of 18 and h.
6
Suppose -3*q + 2*r = -6 + 1, -5*q - 2*r + 19 = 0. Let p be (-9 + -2)/((-3)/q). Calculate the highest common divisor of 1 and p.
1
Suppose 18*j - 311 = 157. Calculate the highest common factor of 208 and j.
26
Let q(b) = 9*b - 4. Let g be q(-3). Let l = 35 + g. Calculate the highest common factor of 28 and l.
4
Let o(k) = k - 1. Let d(w) = -3*w + 4. Let r(g) = 6*d(g) + 17*o(g). Let h be r(6). Let y be 10 - 9 - (-89)/h. What is the greatest common divisor of 36 and y?
18
Let f be -2 + 70 + (-11)/((-11)/6). Calculate the highest common factor of f and 2.
2
Let a be (-4)/18 + (-8704)/(-612). Suppose -4*z = -5*p - 641, -313 = -2*z - 3*p + 4*p. Calculate the greatest common divisor of a and z.
14
Suppose -4*d = a - 17, -12*d + 11*d = 3*a - 18. Let v = -56 + 141. Calculate the greatest common divisor of a and v.
5
Suppose -56 = -13*d + 22. Let a(q) = -q**3 - 7*q**2 + q + 1. Let v be a(-7). Let f be ((-1)/3)/(v/108). What is the greatest common factor of d and f?
6
Suppose -2*f + 122 = -346. Suppose 3*h = -3*z + 72, 3*h + 32 = -2*z + 3*z. What is the highest common factor of f and z?
26
Let f = 40 + -23. Let p be ((-8)/(-4))/(-2)*-51. What is the highest common factor of p and f?
17
Let b(u) = -u**3 - 7*u**2 - 9*u. Let m be b(-6). Suppose 19*v = m*v + 70. What is the highest common factor of v and 28?
14
Let t be 262 - (0 + 2/1). Suppose 7*d - t = 2*d. Let a be (-195)/(-4)*(-72)/(-27). What is the greatest common divisor of d and a?
26
Suppose 26*w = -0*w + 10296. Calculate the highest common factor of w and 99.
99
Suppose 13 = n - 4*c, 0 = -2*n + 4*n + 5*c. Calculate the highest common factor of 40 and n.
5
Suppose 52*x - 75*x + 5590 - 438 = 0. Suppose -2*q = -q - 30. Suppose q = -4*n + 142. What is the highest common divisor of n and x?
28
Suppose -7*j + 2*j + 30 = 0. Let x be 330/25*5*1. What is the greatest common divisor of x and j?
6
Suppose -8 + 0 = -c. Let m be 159/6*-2 - (-8)/2. Let w = 73 + m. What is the greatest common factor of c and w?
8
Let t = -177 - -205. Calculate the highest common factor of t and 1.
1
Let u = -1450 + 1490. What is the greatest common factor of u and 1360?
40
Suppose -4*g = -5*g - 47. Let o = g - -80. What is the highest common divisor of o and 44?
11
Let u(s) = -119*s - 453. Let a be u(-10). What is the highest common divisor of a and 201?
67
Let j = 2 - 9. Let d = j - -12. Suppose -d*a + 2*z = 4*z - 38, -4*a - 5*z + 27 = 0. Calculate the highest common div